{"id":628,"date":"2025-11-19T15:13:04","date_gmt":"2025-11-19T15:13:04","guid":{"rendered":"https:\/\/eftrucks.es\/?page_id=628"},"modified":"2025-11-20T11:01:22","modified_gmt":"2025-11-20T11:01:22","slug":"presupuesto","status":"publish","type":"page","link":"https:\/\/eftrucks.es\/?page_id=628","title":{"rendered":"Presupuesto"},"content":{"rendered":"\t\t<div data-elementor-type=\"wp-page\" data-elementor-id=\"628\" class=\"elementor elementor-628\" data-elementor-post-type=\"page\">\n\t\t\t\t<div class=\"elementor-element elementor-element-92fa827 e-flex e-con-boxed e-con e-parent\" data-id=\"92fa827\" data-element_type=\"container\">\n\t\t\t\t\t<div class=\"e-con-inner\">\n\t\t<div class=\"elementor-element elementor-element-fbce082 e-con-full e-flex e-con e-child\" data-id=\"fbce082\" data-element_type=\"container\">\n\t\t\t\t<div class=\"elementor-element elementor-element-7a92de1 elementor-cta--skin-cover elementor-widget elementor-widget-call-to-action\" data-id=\"7a92de1\" data-element_type=\"widget\" data-widget_type=\"call-to-action.default\">\n\t\t\t\t\t\t\t<div class=\"elementor-cta\">\n\t\t\t\t\t<div class=\"elementor-cta__bg-wrapper\">\n\t\t\t\t<div class=\"elementor-cta__bg elementor-bg\" style=\"background-image: url(https:\/\/eftrucks.es\/wp-content\/uploads\/2025\/11\/BANNER-PRESUPUESTO-EFTRUCKS-scaled.jpg);\" role=\"img\" aria-label=\"POLITICAS + AVISO LEGAL + ACCESIBILIDAD + OTROS - 6\"><\/div>\n\t\t\t\t<div class=\"elementor-cta__bg-overlay\"><\/div>\n\t\t\t<\/div>\n\t\t\t\t\t\t\t<div class=\"elementor-cta__content\">\n\t\t\t\t\n\t\t\t\t\t\t\t\t\t<h2 class=\"elementor-cta__title elementor-cta__content-item elementor-content-item\">\n\t\t\t\t\t\tPresupuesto\t\t\t\t\t<\/h2>\n\t\t\t\t\n\t\t\t\t\n\t\t\t\t\t\t\t<\/div>\n\t\t\t\t\t\t<\/div>\n\t\t\t\t\t\t<\/div>\n\t\t\t\t<\/div>\n\t\t\t\t\t<\/div>\n\t\t\t\t<\/div>\n\t\t<div class=\"elementor-element elementor-element-8ecd17d e-flex e-con-boxed e-con e-parent\" data-id=\"8ecd17d\" data-element_type=\"container\">\n\t\t\t\t\t<div class=\"e-con-inner\">\n\t\t\t\t<div class=\"elementor-element elementor-element-c52c44d elementor-widget elementor-widget-heading\" data-id=\"c52c44d\" data-element_type=\"widget\" data-widget_type=\"heading.default\">\n\t\t\t\t\t<h1 class=\"elementor-heading-title elementor-size-default\">Solicita tu presupuesto personalizado<\/h1>\t\t\t\t<\/div>\n\t\t\t\t\t<\/div>\n\t\t\t\t<\/div>\n\t\t<div class=\"elementor-element elementor-element-cf84271 e-flex e-con-boxed e-con e-parent\" data-id=\"cf84271\" data-element_type=\"container\">\n\t\t\t\t\t<div class=\"e-con-inner\">\n\t\t<div class=\"elementor-element elementor-element-3c42f9e e-con-full e-flex e-con e-child\" data-id=\"3c42f9e\" data-element_type=\"container\">\n\t\t\t\t<\/div>\n\t\t<div class=\"elementor-element elementor-element-fdae601 e-con-full e-flex e-con e-child\" data-id=\"fdae601\" data-element_type=\"container\">\n\t\t<div class=\"elementor-element elementor-element-1f5c68c e-con-full e-flex e-con e-child\" data-id=\"1f5c68c\" data-element_type=\"container\">\n\t\t<div class=\"elementor-element elementor-element-4c6950e e-con-full e-flex e-con e-child\" data-id=\"4c6950e\" data-element_type=\"container\">\n\t\t\t\t<div class=\"elementor-element elementor-element-b732d84 elementor-widget__width-inherit elementor-widget elementor-widget-text-editor\" data-id=\"b732d84\" data-element_type=\"widget\" data-widget_type=\"text-editor.default\">\n\t\t\t\t\t\t\t\t\t<p>Cu\u00e9ntanos qu\u00e9 tipo de veh\u00edculo necesitas y buscaremos para ti las mejores opciones y te las enviaremos por<strong> email, whatsapp, telegram,<\/strong> etc&#8230;<em>\u00a1lo que tu prefieras!<\/em><\/p><p>Rellena este formulario con los detalles clave y nos pondremos en contacto contigo lo antes posible.<\/p>\t\t\t\t\t\t\t\t<\/div>\n\t\t\t\t<div class=\"elementor-element elementor-element-439d024 elementor-widget elementor-widget-shortcode\" data-id=\"439d024\" data-element_type=\"widget\" data-widget_type=\"shortcode.default\">\n\t\t\t\t\t\t\t<div class=\"elementor-shortcode\"><style id=\"wpforms-css-vars-644\">\n\t\t\t\t#wpforms-644 {\n\t\t\t\t--wpforms-field-border-radius: 0px;\n--wpforms-field-border-color: #cccccc;\n--wpforms-field-border-color-spare: #cccccc;\n--wpforms-field-text-color: #444444;\n--wpforms-label-color: #262626;\n--wpforms-label-sublabel-color: #7f7f7f;\n--wpforms-label-error-color: #ff0000;\n--wpforms-button-border-style: solid;\n--wpforms-button-border-radius: 0px;\n--wpforms-button-background-color: #dddddd;\n--wpforms-button-border-color: #cccccc;\n--wpforms-button-text-color: #666666;\n--wpforms-container-padding: 0px;\n--wpforms-container-border-width: 1px;\n--wpforms-container-border-radius: 3px;\n--wpforms-background-color: rgba(0, 0, 0, 0);\n--wpforms-page-break-color: #dddddd;\n--wpforms-field-size-input-height: 43px;\n--wpforms-field-size-input-spacing: 15px;\n--wpforms-field-size-font-size: 16px;\n--wpforms-field-size-line-height: 19px;\n--wpforms-field-size-padding-h: 14px;\n--wpforms-field-size-checkbox-size: 16px;\n--wpforms-field-size-sublabel-spacing: 5px;\n--wpforms-field-size-icon-size: 1;\n--wpforms-label-size-font-size: 14px;\n--wpforms-label-size-line-height: 17px;\n--wpforms-label-size-sublabel-font-size: 13px;\n--wpforms-label-size-sublabel-line-height: 16px;\n--wpforms-button-size-font-size: 17px;\n--wpforms-button-size-height: 41px;\n--wpforms-button-size-padding-h: 15px;\n--wpforms-button-size-margin-top: 10px;\n--wpforms-container-shadow-size-box-shadow: none;\n\t\t\t}\n\t\t\t<\/style><div class=\"wpforms-container wpforms-container-full wpforms-render-modern\" id=\"wpforms-644\"><form id=\"wpforms-form-644\" class=\"wpforms-validate wpforms-form wpforms-ajax-form\" data-formid=\"644\" method=\"post\" enctype=\"multipart\/form-data\" action=\"\/index.php?rest_route=%2Fwp%2Fv2%2Fpages%2F628\" data-token=\"3b87f544c8f18b1d677f4735606223d6\" data-token-time=\"1776516945\"><noscript class=\"wpforms-error-noscript\">Por favor, activa JavaScript en tu navegador para completar este formulario.<\/noscript><div id=\"wpforms-error-noscript\" style=\"display: none;\">Por favor, activa JavaScript en tu navegador para completar este formulario.<\/div><div class=\"wpforms-field-container\"><div id=\"wpforms-644-field_1-container\" class=\"wpforms-field wpforms-field-name\" data-field-id=\"1\"><fieldset><legend class=\"wpforms-field-label\">Nombre y apellidos <span class=\"wpforms-required-label\" aria-hidden=\"true\">*<\/span><\/legend><div class=\"wpforms-field-row wpforms-field-large\"><div class=\"wpforms-field-row-block wpforms-first wpforms-one-half\"><input type=\"text\" id=\"wpforms-644-field_1\" class=\"wpforms-field-name-first wpforms-field-required\" name=\"wpforms[fields][1][first]\" aria-errormessage=\"wpforms-644-field_1-error\" required><label for=\"wpforms-644-field_1\" class=\"wpforms-field-sublabel after\">Nombre<\/label><\/div><div class=\"wpforms-field-row-block wpforms-one-half\"><input type=\"text\" id=\"wpforms-644-field_1-last\" class=\"wpforms-field-name-last wpforms-field-required\" name=\"wpforms[fields][1][last]\" aria-errormessage=\"wpforms-644-field_1-last-error\" required><label for=\"wpforms-644-field_1-last\" class=\"wpforms-field-sublabel after\">Apellidos<\/label><\/div><\/div><\/fieldset><\/div><div id=\"wpforms-644-field_12-container\" class=\"wpforms-field wpforms-field-text\" data-field-id=\"12\"><label class=\"wpforms-field-label\" for=\"wpforms-644-field_12\">Tel\u00e9fono <span class=\"wpforms-required-label\" aria-hidden=\"true\">*<\/span><\/label><input type=\"text\" id=\"wpforms-644-field_12\" class=\"wpforms-field-large wpforms-field-required\" name=\"wpforms[fields][12]\" aria-errormessage=\"wpforms-644-field_12-error\" required><\/div>\t\t<div id=\"wpforms-644-field_4-container\"\n\t\t\tclass=\"wpforms-field wpforms-field-text\"\n\t\t\tdata-field-type=\"text\"\n\t\t\tdata-field-id=\"4\"\n\t\t\t>\n\t\t\t<label class=\"wpforms-field-label\" for=\"wpforms-644-field_4\" >conociste? tener de<\/label>\n\t\t\t<input type=\"text\" id=\"wpforms-644-field_4\" class=\"wpforms-field-medium\" name=\"wpforms[fields][4]\" >\n\t\t<\/div>\n\t\t<div id=\"wpforms-644-field_2-container\" class=\"wpforms-field wpforms-field-email\" data-field-id=\"2\"><label class=\"wpforms-field-label\" for=\"wpforms-644-field_2\">Correo electr\u00f3nico <span class=\"wpforms-required-label\" aria-hidden=\"true\">*<\/span><\/label><input type=\"email\" id=\"wpforms-644-field_2\" class=\"wpforms-field-large wpforms-field-required\" name=\"wpforms[fields][2]\" spellcheck=\"false\" aria-errormessage=\"wpforms-644-field_2-error\" required><\/div><div id=\"wpforms-644-field_7-container\" class=\"wpforms-field wpforms-field-select wpforms-field-select-style-modern\" data-field-id=\"7\"><label class=\"wpforms-field-label\" for=\"wpforms-644-field_7\">Tipo de veh\u00edculo que necesitas <span class=\"wpforms-required-label\" aria-hidden=\"true\">*<\/span><\/label><select id=\"wpforms-644-field_7\" class=\"wpforms-field-large wpforms-field-required choicesjs-select\" data-size-class=\"wpforms-field-row wpforms-field-large\" data-search-enabled=\"\" name=\"wpforms[fields][7]\" required=\"required\"><option value=\"\" class=\"placeholder\" disabled  selected='selected'>-- Selecciona la opci\u00f3n --<\/option><option value=\"Cami\u00f3n\"  class=\"choice-1 depth-1\"  >Cami\u00f3n<\/option><option value=\"Furgoneta\"  class=\"choice-2 depth-1\"  >Furgoneta<\/option><option value=\"Coche\"  class=\"choice-3 depth-1\"  >Coche<\/option><\/select><\/div><div id=\"wpforms-644-field_11-container\" class=\"wpforms-field wpforms-field-select wpforms-field-select-style-modern\" data-field-id=\"11\"><label class=\"wpforms-field-label\" for=\"wpforms-644-field_11\">Estado del veh\u00edculo <span class=\"wpforms-required-label\" aria-hidden=\"true\">*<\/span><\/label><select id=\"wpforms-644-field_11\" class=\"wpforms-field-large wpforms-field-required choicesjs-select\" data-size-class=\"wpforms-field-row wpforms-field-large\" data-search-enabled=\"1\" name=\"wpforms[fields][11]\" required=\"required\"><option value=\"\" class=\"placeholder\" disabled  selected='selected'>-- Selecciona la opci\u00f3n --<\/option><option value=\"Nuevo\"  class=\"choice-1 depth-1\"  >Nuevo<\/option><option value=\"Kil\u00f3metro 0\"  class=\"choice-2 depth-1\"  >Kil\u00f3metro 0<\/option><option value=\"Seminuevo\"  class=\"choice-3 depth-1\"  >Seminuevo<\/option><option value=\"Usado\/segunda mano\"  class=\"choice-4 depth-1\"  >Usado\/segunda mano<\/option><option value=\"De ocasi\u00f3n\"  class=\"choice-5 depth-1\"  >De ocasi\u00f3n<\/option><option value=\"Certificado\"  class=\"choice-6 depth-1\"  >Certificado<\/option><option value=\"Veh\u00edculo de demostraci\u00f3n\"  class=\"choice-7 depth-1\"  >Veh\u00edculo de demostraci\u00f3n<\/option><option value=\"Veh\u00edculo de renting o leasing\"  class=\"choice-8 depth-1\"  >Veh\u00edculo de renting o leasing<\/option><\/select><\/div><div id=\"wpforms-644-field_5-container\" class=\"wpforms-field wpforms-field-text\" data-field-id=\"5\"><label class=\"wpforms-field-label\" for=\"wpforms-644-field_5\">Marca del veh\u00edculo<\/label><input type=\"text\" id=\"wpforms-644-field_5\" class=\"wpforms-field-large\" name=\"wpforms[fields][5]\" aria-errormessage=\"wpforms-644-field_5-error\" ><\/div><div id=\"wpforms-644-field_3-container\" class=\"wpforms-field wpforms-field-textarea\" data-field-id=\"3\"><label class=\"wpforms-field-label\" for=\"wpforms-644-field_3\">Detalles a tener en cuenta<\/label><textarea id=\"wpforms-644-field_3\" class=\"wpforms-field-medium\" name=\"wpforms[fields][3]\" aria-errormessage=\"wpforms-644-field_3-error\" ><\/textarea><\/div><div id=\"wpforms-644-field_8-container\" class=\"wpforms-field wpforms-field-text\" data-field-id=\"8\"><label class=\"wpforms-field-label\" for=\"wpforms-644-field_8\">Plazo estimado de entrega del veh\u00edculo<\/label><input type=\"text\" id=\"wpforms-644-field_8\" class=\"wpforms-field-large\" name=\"wpforms[fields][8]\" aria-errormessage=\"wpforms-644-field_8-error\" ><\/div><div id=\"wpforms-644-field_9-container\" class=\"wpforms-field wpforms-field-text\" data-field-id=\"9\"><label class=\"wpforms-field-label\" for=\"wpforms-644-field_9\">\u00bfC\u00f3mo nos conociste?<\/label><input type=\"text\" id=\"wpforms-644-field_9\" class=\"wpforms-field-large\" name=\"wpforms[fields][9]\" aria-errormessage=\"wpforms-644-field_9-error\" ><\/div><div id=\"wpforms-644-field_6-container\" class=\"wpforms-field wpforms-field-checkbox wpforms-list-inline\" data-field-id=\"6\"><fieldset><legend class=\"wpforms-field-label\">Estoy de acuerdo con la Pol\u00edtica de privacidad de este sitio <span class=\"wpforms-required-label\" aria-hidden=\"true\">*<\/span><\/legend><ul id=\"wpforms-644-field_6\" class=\"wpforms-field-required\"><li class=\"choice-1 depth-1\"><input type=\"checkbox\" id=\"wpforms-644-field_6_1\" name=\"wpforms[fields][6][]\" value=\"Aceptar\" aria-errormessage=\"wpforms-644-field_6_1-error\" required ><label class=\"wpforms-field-label-inline\" for=\"wpforms-644-field_6_1\">Aceptar<\/label><\/li><\/ul><\/fieldset><\/div><script>\n\t\t\t\t( function() {\n\t\t\t\t\tconst style = document.createElement( 'style' );\n\t\t\t\t\tstyle.appendChild( document.createTextNode( '#wpforms-644-field_4-container { position: absolute !important; overflow: hidden !important; display: inline !important; height: 1px !important; width: 1px !important; z-index: -1000 !important; padding: 0 !important; } #wpforms-644-field_4-container input { visibility: hidden; } #wpforms-conversational-form-page #wpforms-644-field_4-container label { counter-increment: none; }' ) );\n\t\t\t\t\tdocument.head.appendChild( style );\n\t\t\t\t\tdocument.currentScript?.remove();\n\t\t\t\t} )();\n\t\t\t<\/script><\/div><!-- .wpforms-field-container --><div class=\"wpforms-submit-container\" ><input type=\"hidden\" name=\"wpforms[id]\" value=\"644\"><input type=\"hidden\" name=\"page_title\" value=\"\"><input type=\"hidden\" name=\"page_url\" value=\"https:\/\/eftrucks.es\/index.php?rest_route=\/wp\/v2\/pages\/628\"><input type=\"hidden\" name=\"url_referer\" value=\"\"><button type=\"submit\" name=\"wpforms[submit]\" id=\"wpforms-submit-644\" class=\"wpforms-submit\" data-alt-text=\"Enviando...\" data-submit-text=\"Enviar\" aria-live=\"assertive\" value=\"wpforms-submit\">Enviar<\/button><img decoding=\"async\" src=\"https:\/\/eftrucks.es\/wp-content\/plugins\/wpforms-lite\/assets\/images\/submit-spin.svg\" class=\"wpforms-submit-spinner\" style=\"display: none;\" width=\"26\" height=\"26\" alt=\"Cargando\"><\/div><\/form><\/div>  <!-- .wpforms-container --><\/div>\n\t\t\t\t\t\t<\/div>\n\t\t\t\t<\/div>\n\t\t\t\t<\/div>\n\t\t\t\t<\/div>\n\t\t<div class=\"elementor-element elementor-element-7473056 e-con-full e-flex e-con e-child\" data-id=\"7473056\" data-element_type=\"container\">\n\t\t\t\t<\/div>\n\t\t\t\t\t<\/div>\n\t\t\t\t<\/div>\n\t\t<div class=\"elementor-element elementor-element-6abc489 e-flex e-con-boxed e-con e-parent\" data-id=\"6abc489\" data-element_type=\"container\">\n\t\t\t\t\t<div class=\"e-con-inner\">\n\t\t\t\t<div class=\"elementor-element elementor-element-7f6103c elementor-widget__width-inherit elementor-absolute elementor-widget-divider--view-line elementor-widget elementor-widget-divider\" data-id=\"7f6103c\" data-element_type=\"widget\" data-settings=\"{&quot;_position&quot;:&quot;absolute&quot;}\" data-widget_type=\"divider.default\">\n\t\t\t\t\t\t\t<div class=\"elementor-divider\">\n\t\t\t<span class=\"elementor-divider-separator\">\n\t\t\t\t\t\t<\/span>\n\t\t<\/div>\n\t\t\t\t\t\t<\/div>\n\t\t\t\t\t<\/div>\n\t\t\t\t<\/div>\n\t\t\t\t<\/div>\n\t\t","protected":false},"excerpt":{"rendered":"<p>Presupuesto Solicita tu presupuesto personalizado Cu\u00e9ntanos qu\u00e9 tipo de veh\u00edculo necesitas y buscaremos para ti las mejores opciones y te las enviaremos por email, whatsapp, telegram, etc&#8230;\u00a1lo que tu prefieras! Rellena este formulario con los detalles clave y nos pondremos en contacto contigo lo antes posible.<\/p>\n","protected":false},"author":2,"featured_media":0,"parent":0,"menu_order":0,"comment_status":"closed","ping_status":"closed","template":"","meta":{"_monsterinsights_skip_tracking":false,"_monsterinsights_sitenote_active":false,"_monsterinsights_sitenote_note":"","_monsterinsights_sitenote_category":0,"footnotes":""},"class_list":["post-628","page","type-page","status-publish","hentry"],"aioseo_notices":[],"yoast_head":"<!-- This site is optimized with the Yoast SEO plugin v26.4 - https:\/\/yoast.com\/wordpress\/plugins\/seo\/ -->\n<title>Presupuesto - EFTRUCKS<\/title>\n<meta name=\"robots\" content=\"index, follow, max-snippet:-1, max-image-preview:large, max-video-preview:-1\" \/>\n<link rel=\"canonical\" href=\"https:\/\/eftrucks.es\/?page_id=628\" \/>\n<meta property=\"og:locale\" content=\"es_ES\" \/>\n<meta property=\"og:type\" content=\"article\" \/>\n<meta property=\"og:title\" content=\"Presupuesto - EFTRUCKS\" \/>\n<meta property=\"og:description\" content=\"Presupuesto Solicita tu presupuesto personalizado Cu\u00e9ntanos qu\u00e9 tipo de veh\u00edculo necesitas y buscaremos para ti las mejores opciones y te las enviaremos por email, whatsapp, telegram, etc&#8230;\u00a1lo que tu prefieras! Rellena este formulario con los detalles clave y nos pondremos en contacto contigo lo antes posible.\" \/>\n<meta property=\"og:url\" content=\"https:\/\/eftrucks.es\/?page_id=628\" \/>\n<meta property=\"og:site_name\" content=\"EFTRUCKS\" \/>\n<meta property=\"article:modified_time\" content=\"2025-11-20T11:01:22+00:00\" \/>\n<meta name=\"twitter:card\" content=\"summary_large_image\" \/>\n<meta name=\"twitter:label1\" content=\"Tiempo de lectura\" \/>\n\t<meta name=\"twitter:data1\" content=\"1 minuto\" \/>\n<script type=\"application\/ld+json\" class=\"yoast-schema-graph\">{\"@context\":\"https:\/\/schema.org\",\"@graph\":[{\"@type\":\"WebPage\",\"@id\":\"https:\/\/eftrucks.es\/?page_id=628\",\"url\":\"https:\/\/eftrucks.es\/?page_id=628\",\"name\":\"Presupuesto - EFTRUCKS\",\"isPartOf\":{\"@id\":\"https:\/\/eftrucks.es\/#website\"},\"datePublished\":\"2025-11-19T15:13:04+00:00\",\"dateModified\":\"2025-11-20T11:01:22+00:00\",\"breadcrumb\":{\"@id\":\"https:\/\/eftrucks.es\/?page_id=628#breadcrumb\"},\"inLanguage\":\"es\",\"potentialAction\":[{\"@type\":\"ReadAction\",\"target\":[\"https:\/\/eftrucks.es\/?page_id=628\"]}]},{\"@type\":\"BreadcrumbList\",\"@id\":\"https:\/\/eftrucks.es\/?page_id=628#breadcrumb\",\"itemListElement\":[{\"@type\":\"ListItem\",\"position\":1,\"name\":\"Portada\",\"item\":\"https:\/\/eftrucks.es\/\"},{\"@type\":\"ListItem\",\"position\":2,\"name\":\"Presupuesto\"}]},{\"@type\":\"WebSite\",\"@id\":\"https:\/\/eftrucks.es\/#website\",\"url\":\"https:\/\/eftrucks.es\/\",\"name\":\"EFTRUCKS\",\"description\":\"Compra - Venta de camiones y coches\",\"publisher\":{\"@id\":\"https:\/\/eftrucks.es\/#organization\"},\"potentialAction\":[{\"@type\":\"SearchAction\",\"target\":{\"@type\":\"EntryPoint\",\"urlTemplate\":\"https:\/\/eftrucks.es\/?s={search_term_string}\"},\"query-input\":{\"@type\":\"PropertyValueSpecification\",\"valueRequired\":true,\"valueName\":\"search_term_string\"}}],\"inLanguage\":\"es\"},{\"@type\":\"Organization\",\"@id\":\"https:\/\/eftrucks.es\/#organization\",\"name\":\"EFTRUCKS\",\"url\":\"https:\/\/eftrucks.es\/\",\"logo\":{\"@type\":\"ImageObject\",\"inLanguage\":\"es\",\"@id\":\"https:\/\/eftrucks.es\/#\/schema\/logo\/image\/\",\"url\":\"https:\/\/eftrucks.es\/wp-content\/uploads\/2025\/11\/cropped-logo-nuevo-EFTRUCKS-scaled-1.png\",\"contentUrl\":\"https:\/\/eftrucks.es\/wp-content\/uploads\/2025\/11\/cropped-logo-nuevo-EFTRUCKS-scaled-1.png\",\"width\":2560,\"height\":2560,\"caption\":\"EFTRUCKS\"},\"image\":{\"@id\":\"https:\/\/eftrucks.es\/#\/schema\/logo\/image\/\"}}]}<\/script>\n<!-- \/ Yoast SEO plugin. -->","yoast_head_json":{"title":"Presupuesto - EFTRUCKS","robots":{"index":"index","follow":"follow","max-snippet":"max-snippet:-1","max-image-preview":"max-image-preview:large","max-video-preview":"max-video-preview:-1"},"canonical":"https:\/\/eftrucks.es\/?page_id=628","og_locale":"es_ES","og_type":"article","og_title":"Presupuesto - EFTRUCKS","og_description":"Presupuesto Solicita tu presupuesto personalizado Cu\u00e9ntanos qu\u00e9 tipo de veh\u00edculo necesitas y buscaremos para ti las mejores opciones y te las enviaremos por email, whatsapp, telegram, etc&#8230;\u00a1lo que tu prefieras! Rellena este formulario con los detalles clave y nos pondremos en contacto contigo lo antes posible.","og_url":"https:\/\/eftrucks.es\/?page_id=628","og_site_name":"EFTRUCKS","article_modified_time":"2025-11-20T11:01:22+00:00","twitter_card":"summary_large_image","twitter_misc":{"Tiempo de lectura":"1 minuto"},"schema":{"@context":"https:\/\/schema.org","@graph":[{"@type":"WebPage","@id":"https:\/\/eftrucks.es\/?page_id=628","url":"https:\/\/eftrucks.es\/?page_id=628","name":"Presupuesto - EFTRUCKS","isPartOf":{"@id":"https:\/\/eftrucks.es\/#website"},"datePublished":"2025-11-19T15:13:04+00:00","dateModified":"2025-11-20T11:01:22+00:00","breadcrumb":{"@id":"https:\/\/eftrucks.es\/?page_id=628#breadcrumb"},"inLanguage":"es","potentialAction":[{"@type":"ReadAction","target":["https:\/\/eftrucks.es\/?page_id=628"]}]},{"@type":"BreadcrumbList","@id":"https:\/\/eftrucks.es\/?page_id=628#breadcrumb","itemListElement":[{"@type":"ListItem","position":1,"name":"Portada","item":"https:\/\/eftrucks.es\/"},{"@type":"ListItem","position":2,"name":"Presupuesto"}]},{"@type":"WebSite","@id":"https:\/\/eftrucks.es\/#website","url":"https:\/\/eftrucks.es\/","name":"EFTRUCKS","description":"Compra - Venta de camiones y coches","publisher":{"@id":"https:\/\/eftrucks.es\/#organization"},"potentialAction":[{"@type":"SearchAction","target":{"@type":"EntryPoint","urlTemplate":"https:\/\/eftrucks.es\/?s={search_term_string}"},"query-input":{"@type":"PropertyValueSpecification","valueRequired":true,"valueName":"search_term_string"}}],"inLanguage":"es"},{"@type":"Organization","@id":"https:\/\/eftrucks.es\/#organization","name":"EFTRUCKS","url":"https:\/\/eftrucks.es\/","logo":{"@type":"ImageObject","inLanguage":"es","@id":"https:\/\/eftrucks.es\/#\/schema\/logo\/image\/","url":"https:\/\/eftrucks.es\/wp-content\/uploads\/2025\/11\/cropped-logo-nuevo-EFTRUCKS-scaled-1.png","contentUrl":"https:\/\/eftrucks.es\/wp-content\/uploads\/2025\/11\/cropped-logo-nuevo-EFTRUCKS-scaled-1.png","width":2560,"height":2560,"caption":"EFTRUCKS"},"image":{"@id":"https:\/\/eftrucks.es\/#\/schema\/logo\/image\/"}}]}},"_links":{"self":[{"href":"https:\/\/eftrucks.es\/index.php?rest_route=\/wp\/v2\/pages\/628","targetHints":{"allow":["GET"]}}],"collection":[{"href":"https:\/\/eftrucks.es\/index.php?rest_route=\/wp\/v2\/pages"}],"about":[{"href":"https:\/\/eftrucks.es\/index.php?rest_route=\/wp\/v2\/types\/page"}],"author":[{"embeddable":true,"href":"https:\/\/eftrucks.es\/index.php?rest_route=\/wp\/v2\/users\/2"}],"replies":[{"embeddable":true,"href":"https:\/\/eftrucks.es\/index.php?rest_route=%2Fwp%2Fv2%2Fcomments&post=628"}],"version-history":[{"count":37,"href":"https:\/\/eftrucks.es\/index.php?rest_route=\/wp\/v2\/pages\/628\/revisions"}],"predecessor-version":[{"id":938,"href":"https:\/\/eftrucks.es\/index.php?rest_route=\/wp\/v2\/pages\/628\/revisions\/938"}],"wp:attachment":[{"href":"https:\/\/eftrucks.es\/index.php?rest_route=%2Fwp%2Fv2%2Fmedia&parent=628"}],"curies":[{"name":"wp","href":"https:\/\/api.w.org\/{rel}","templated":true}]}}